est common divisor of 54 and 4320.
54
What is the highest common divisor of 10 and 85?
5
What is the greatest common factor of 52 and 1024?
4
Calculate the highest common factor of 57 and 9272.
19
Calculate the highest common divisor of 5 and 235.
5
Calculate the highest common factor of 326 and 489.
163
Calculate the greatest common factor of 1593 and 59.
59
What is the highest common factor of 518 and 14?
14
Calculate the highest common factor of 84 and 32739.
21
Calculate the greatest common factor of 3438 and 72.
18
Calculate the greatest common factor of 198 and 11.
11
What is the highest common factor of 855 and 475?
95
What is the greatest common factor of 2 and 2129?
1
Calculate the greatest common factor of 3091 and 5901.
281
Calculate the highest common factor of 182 and 294.
14
What is the greatest common factor of 384 and 12?
12
Calculate the highest common divisor of 63 and 36.
9
Calculate the greatest common divisor of 233 and 7.
1
What is the greatest common divisor of 26 and 1079?
13
Calculate the highest common divisor of 96 and 84.
12
What is the highest common factor of 2147 and 171?
19
What is the greatest common factor of 6 and 72?
6
Calculate the highest common factor of 234 and 9378.
18
What is the greatest common divisor of 253 and 33?
11
Calculate the highest common divisor of 60 and 740.
20
What is the greatest common factor of 276 and 12?
12
What is the greatest common factor of 220 and 850?
10
Calculate the highest common divisor of 1547 and 51.
17
Calculate the greatest common factor of 28 and 448.
28
What is the greatest common divisor of 12212 and 516?
172
Calculate the highest common divisor of 297 and 11.
11
What is the greatest common divisor of 62 and 9858?
62
Calculate the highest common factor of 42541 and 19.
19
What is the greatest common factor of 5034 and 42?
6
Calculate the highest common divisor of 12 and 768.
12
Calculate the greatest common divisor of 4 and 242.
2
Calculate the greatest common factor of 160 and 352.
32
Calculate the greatest common factor of 17 and 1037.
17
Calculate the highest common factor of 32 and 34.
2
What is the highest common factor of 1442 and 3296?
206
Calculate the highest common divisor of 2637 and 27.
9
Calculate the greatest common divisor of 2979 and 9.
9
What is the greatest common factor of 36 and 192?
12
Calculate the highest common factor of 18 and 981.
9
What is the greatest common factor of 490 and 77?
7
Calculate the greatest common divisor of 469 and 7.
7
Calculate the greatest common divisor of 35 and 75.
5
Calculate the greatest common divisor of 16 and 4936.
8
Calculate the greatest common factor of 40 and 350.
10
What is the greatest common factor of 2080 and 65?
65
What is the greatest common divisor of 1568 and 147?
49
Calculate the highest common factor of 460 and 184.
92
What is the highest common factor of 20 and 52?
4
What is the greatest common divisor of 43 and 1?
1
What is the highest common divisor of 1014 and 78?
78
Calculate the highest common factor of 378 and 126.
126
Calculate the greatest common factor of 9089 and 366.
61
Calculate the highest common divisor of 14 and 77.
7
What is the highest common divisor of 30 and 114?
6
What is the greatest common factor of 1971 and 73?
73
What is the greatest common divisor of 182 and 104?
26
What is the highest common factor of 56 and 28?
28
What is the highest common factor of 124 and 4092?
124
Calculate the greatest common divisor of 2 and 17858.
2
What is the highest common factor of 74 and 481?
37
Calculate the highest common factor of 158 and 2.
2
Calculate the greatest common divisor of 412 and 36.
4
Calculate the highest common divisor of 26 and 1625.
13
What is the greatest common factor of 90 and 200?
10
What is the greatest common divisor of 704 and 330?
22
Calculate the greatest common factor of 42 and 996.
6
Calculate the greatest common factor of 26 and 611.
13
Calculate the highest common factor of 96 and 60.
12
What is the greatest common factor of 130 and 40?
10
What is the highest common divisor of 965 and 20?
5
Calculate the greatest common divisor of 24 and 104.
8
What is the greatest common factor of 16 and 496?
16
What is the greatest common divisor of 322 and 230?
46
What is the greatest common factor of 26 and 117?
13
What is the greatest common divisor of 357 and 102?
51
Calculate the greatest common factor of 1 and 81.
1
What is the highest common factor of 38 and 4845?
19
Calculate the highest common divisor of 2419 and 59.
59
Calculate the highest common factor of 1577 and 19.
19
What is the highest common divisor of 1392 and 192?
48
What is the greatest common divisor of 48 and 192?
48
What is the greatest common divisor of 10 and 160?
10
Calculate the greatest common factor of 26 and 481.
13
Calculate the greatest common divisor of 116 and 87.
29
Calculate the greatest common divisor of 10 and 5585.
5
What is the greatest common factor of 16167 and 17?
17
What is the highest common divisor of 423 and 188?
47
Calculate the highest common factor of 70 and 6335.
35
Calculate the greatest common factor of 1457 and 62.
31
Calculate the greatest common divisor of 7 and 77.
7
What is the greatest common divisor of 7488 and 36?
36
What is the greatest common divisor of 12 and 270?
6
What is the greatest common divisor of 9 and 16794?
9
Calculate the highest common divisor of 1263 and 15.
3
Calculate the highest common divisor of 5 and 535.
5
Calculate the highest common factor of 135 and 5.
5
What is the highest common factor of 2 and 240?
2
What is the highest common factor of 1288 and 56?
56
Calculate the greatest common divisor of 756 and 972.
108
What is the highest common factor of 247 and 13?
13
What is the highest common factor of 63 and 147?
21
Calculate the highest common factor of 84 and 12.
12
Calculate the highest common factor of 22 and 1177.
11
Calculate the greatest common divisor of 732 and 427.
61
Calculate the greatest common factor of 767 and 1239.
59
Calculate the greatest common divisor of 18 and 846.
18
What is the greatest common divisor of 242 and 902?
22
Calculate the highest common divisor of 163 and 12877.
163
What is the highest common factor of 104 and 13?
13
Calculate the greatest common divisor of 6003 and 29.
29
What is the highest common divisor of 17 and 578?
17
What is the highest common factor of 1456 and 546?
182
What is the greatest common factor of 198 and 187?
11
What is the highest common factor of 25891 and 17?
17
What is the highest common divisor of 48 and 1168?
16
What is the highest common factor of 100 and 12?
4
Calculate the highest common divisor of 156 and 364.
52
Calculate the greatest common divisor of 44 and 33.
11
What is the greatest common factor of 852 and 6532?
284
Calculate the greatest common factor of 20 and 1120.
20
Calculate the greatest common divisor of 1121 and 59.
59
What is the greatest common factor of 261 and 14790?
87
What is the highest common factor of 402 and 30?
6
What is the highest common divisor of 623 and 178?
89
Calculate the greatest common factor of 7 and 14567.
7
Calculate the greatest common divisor of 160 and 190.
10
What is the greatest common factor of 66 and 264?
66
What is the highest common factor of 80 and 4720?
80
Calculate the greatest common factor of 74 and 2553.
37
Calculate the greatest common factor of 18320 and 687.
229
Calculate the highest common factor of 84 and 9.
3
What is the highest common factor of 7 and 413?
7
Calculate the highest common divisor of 318 and 11554.
106
What is the greatest common divisor of 26 and 429?
13
What is the highest common factor of 74 and 141562?
74
What is the highest common divisor of 39 and 546?
39
What is the greatest common factor of 150 and 360?
30
What is the highest common divisor of 403 and 62?
31
Calculate the greatest common divisor of 24 and 2784.
24
What is the greatest common divisor of 230 and 92?
46
Calculate the greatest common factor of 95 and 10.
5
Calculate the highest common factor of 180 and 9.
9
What is the highest common divisor of 13 and 143?
13
What is the greatest common divisor of 140 and 532?
28
Calculate the highest common factor of 6556 and 447.
149
Calculate the greatest common divisor of 51 and 6.
3
What is th